6 and 43.
43
What is the greatest common divisor of 396 and 13211?
11
Calculate the highest common factor of 67360 and 258915.
2105
Calculate the greatest common divisor of 161 and 20539.
23
Calculate the greatest common divisor of 155172 and 10452.
804
What is the greatest common divisor of 239 and 1897?
1
What is the highest common divisor of 183 and 28243?
61
What is the greatest common divisor of 12 and 3259644?
12
Calculate the greatest common divisor of 133 and 20085394.
133
What is the highest common divisor of 2149 and 800042?
307
What is the greatest common divisor of 5922 and 24066?
126
What is the highest common divisor of 749 and 910?
7
Calculate the greatest common factor of 16 and 187104.
16
What is the highest common divisor of 715 and 175747?
143
Calculate the greatest common divisor of 10872 and 55656.
72
What is the greatest common factor of 3483424 and 112?
112
Calculate the highest common divisor of 2198 and 812161.
1099
Calculate the greatest common divisor of 33201 and 3069.
279
Calculate the highest common divisor of 14994 and 24.
6
What is the highest common factor of 280 and 537400?
40
Calculate the highest common factor of 518 and 120953.
259
Calculate the highest common divisor of 5304 and 4992.
312
What is the greatest common divisor of 704 and 7360?
64
What is the greatest common factor of 19 and 374053?
19
Calculate the highest common divisor of 5198 and 9718.
226
Calculate the greatest common divisor of 566 and 594866.
566
Calculate the greatest common divisor of 332 and 96.
4
What is the highest common divisor of 64 and 5041952?
32
Calculate the highest common factor of 21230 and 2509.
193
What is the highest common factor of 238 and 1471554?
238
What is the highest common factor of 18042 and 9672?
186
What is the highest common factor of 7285 and 470?
235
What is the greatest common divisor of 1656 and 269376?
552
Calculate the greatest common factor of 4165 and 6035.
85
What is the highest common factor of 6162 and 1014?
78
What is the highest common factor of 1755 and 271080?
135
Calculate the highest common factor of 29376 and 1116.
36
What is the greatest common factor of 16 and 31016?
8
Calculate the greatest common divisor of 9024 and 33981.
141
Calculate the greatest common factor of 220032 and 27122.
382
What is the greatest common factor of 9792 and 787392?
576
Calculate the greatest common divisor of 1988 and 139244.
28
What is the highest common factor of 1681995 and 525?
105
Calculate the highest common factor of 1295 and 91.
7
Calculate the greatest common factor of 60 and 5974968.
12
What is the greatest common divisor of 216 and 16584?
24
Calculate the highest common factor of 4170 and 78210.
30
What is the highest common factor of 42 and 642936?
42
What is the highest common divisor of 14000 and 20440?
280
What is the highest common divisor of 296 and 218670?
74
Calculate the highest common divisor of 4158 and 675.
27
Calculate the highest common factor of 7 and 16231.
1
What is the highest common factor of 2100 and 322644?
84
Calculate the greatest common divisor of 14720 and 161.
23
Calculate the highest common factor of 24626 and 854.
14
Calculate the greatest common factor of 836 and 17765.
209
What is the greatest common factor of 30 and 306105?
15
What is the highest common factor of 78904 and 504?
56
Calculate the highest common factor of 38 and 2514.
2
Calculate the greatest common divisor of 123528 and 48.
24
What is the greatest common factor of 24897 and 9847?
43
What is the greatest common factor of 17724 and 4158?
42
Calculate the greatest common factor of 4841 and 5734.
47
What is the greatest common divisor of 72905 and 70?
35
What is the greatest common divisor of 288 and 3087504?
144
Calculate the highest common divisor of 3216 and 8643.
201
Calculate the highest common factor of 6315204 and 84.
84
Calculate the highest common factor of 12 and 326568.
12
Calculate the greatest common factor of 390 and 27080.
10
What is the highest common divisor of 15845 and 80?
5
What is the highest common divisor of 2032 and 7488?
16
Calculate the greatest common divisor of 48 and 1577136.
48
Calculate the highest common factor of 980703 and 9.
9
What is the highest common factor of 2414 and 9112?
34
What is the greatest common divisor of 119945 and 1127?
161
What is the highest common divisor of 791655 and 75?
15
What is the highest common divisor of 4040841 and 579?
579
What is the greatest common divisor of 2014 and 4558?
106
What is the greatest common factor of 2920 and 4600?
40
Calculate the greatest common divisor of 796 and 19303.
199
What is the highest common divisor of 31132 and 1448?
724
What is the highest common factor of 1582 and 642857?
113
Calculate the greatest common factor of 238 and 223006.
238
What is the highest common divisor of 224 and 566?
2
Calculate the highest common divisor of 1880 and 38728.
376
What is the greatest common divisor of 24 and 152088?
24
What is the highest common divisor of 78 and 2834?
26
What is the greatest common divisor of 14 and 235522?
14
Calculate the highest common factor of 469 and 11591.
67
What is the highest common divisor of 6 and 666486?
6
Calculate the highest common factor of 71629 and 23301.
863
What is the highest common factor of 6648 and 384?
24
What is the greatest common factor of 93375 and 603?
9
What is the highest common factor of 10 and 556590?
10
What is the greatest common factor of 16 and 168772?
4
Calculate the highest common factor of 3024 and 28647.
27
What is the greatest common divisor of 47852 and 140?
28
Calculate the highest common divisor of 88847 and 5412.
451
Calculate the greatest common factor of 72513 and 63.
63
What is the highest common divisor of 47907 and 9?
9
What is the greatest common divisor of 238628 and 15548?
676
What is the greatest common divisor of 52 and 12467?
13
What is the highest common divisor of 178405 and 775?
155
Calculate the greatest common factor of 152 and 9006.
38
What is the highest common divisor of 328 and 4346?
82
What is the highest common divisor of 120 and 480640?
40
What is the greatest common factor of 54272 and 1219?
53
What is the greatest common factor of 1346 and 278?
2
Calculate the greatest common factor of 4587 and 50171.
11
What is the highest common divisor of 696670 and 115?
115
What is the highest common divisor of 152 and 50388?
76
Calculate the greatest common divisor of 6214 and 52.
26
What is the greatest common divisor of 86 and 26918?
86
Calculate the highest common factor of 270 and 410.
10
What is the greatest common divisor of 2951 and 29737?
227
Calculate the highest common factor of 9 and 302397.
3
What is the highest common divisor of 13 and 90779?
13
Calculate the highest common divisor of 326 and 114589.
163
What is the greatest common divisor of 319 and 80881?
29
What is the highest common divisor of 6114619 and 233?
233
Calculate the highest common divisor of 53449 and 731.
43
What is the highest common factor of 184 and 19366?
46
What is the greatest common factor of 40 and 182584?
8
Calculate the greatest common factor of 711 and 292379.
79
Calculate the greatest common divisor of 22476978 and 18.
18
Calculate the greatest common divisor of 75 and 241975.
25
What is the greatest common factor of 1360299 and 519?
519
Calculate the greatest common factor of 260 and 125008.
52
Calculate the highest common factor of 5968 and 1168.
16
Calculate the highest common divisor of 11845 and 5819.
23
Calculate the highest common divisor of 51 and 356898.
51
Calculate the highest common divisor of 117781 and 19.
19
Calculate the highest common factor of 1759406 and 22.
22
Calculate the highest common divisor of 14386 and 38.
2
What is the highest common factor of 21 and 68103?
21
What is the greatest common factor of 31289 and 134?
67
Calculate the highest common divisor of 345501 and 27.
9
Calculate the greatest common divisor of 104 and 40888.
8
What is the greatest common factor of 17 and 1751?
17
What is the greatest common factor of 28022 and 2?
2
Calculate the greatest common factor of 2509 and 39.
13
Calculate the highest common divisor of 50 and 850.
50
Calculate the highest common divisor of 96 and 6288.
48
What is the highest common diviso